 i**4/12 - 26*i**3/3 - 16*i**2. Let p be a(26). Give g(p).
9
Let y(b) = 5*b**2 - 9*b - 5. Let a(z) = 9*z**2 - 18*z - 10. Let t(p) = -6*a(p) + 11*y(p). Give t(-11).
27
Let q(m) = -12*m**2 - m + 1. Suppose 11*l + 34*l = 90. Calculate q(l).
-49
Let r(t) = -8*t**3 + t**2 + 4*t - 2. Let y(h) = 10*h**3 - h**2 - 5*h + 3. Let p(w) = -4*r(w) - 3*y(w). What is p(-1)?
-3
Let y(r) be the second derivative of -r**4/12 + r**3/2 - r**2 - 2*r. What is y(4)?
-6
Let a(v) = v**2 - 3*v - 2. Let d(r) = -4*r**2 + 10*r + 8. Let m(h) = -9*a(h) - 2*d(h). Calculate m(8).
-6
Let h(q) = -q**3 - 22*q**2 - 20*q + 30. Let a be h(-21). Suppose -a*u + 14*u - 10 = 0. Let i(j) = 2*j**3 - j**2 - 3*j + 3. Calculate i(u).
9
Let l(i) = -3*i**2 + 3*i**2 - 7*i**2 + 8*i**2 - 6*i + 2. What is l(5)?
-3
Let w(s) = 4*s + 1. Let z(i) = 7*i. Let b(p) = -10*p. Let k(n) = -5*b(n) - 7*z(n). Let g(c) = -9*k(c) + 2*w(c). Give g(4).
-2
Let j(o) = o**2 - 19*o + 55. Let u be j(16). Let t(n) = 2*n - 14. Calculate t(u).
0
Let q(y) = y - 907 + 306 + 294 + 277 + 0*y. What is q(22)?
-8
Let c be 2 - (4 + -3)*2. Suppose -4*y + 12 = 0, -4*i + c*y = -y - 25. Let o(h) = h**2 - 2 - 7*h + 3 - 3 + 8. Determine o(i).
6
Let a(y) be the third derivative of y**6/720 - y**5/10 - y**4/8 + 11*y**2. Let k(l) be the second derivative of a(l). Determine k(6).
-6
Let p(l) be the first derivative of -3*l**2/2 - 6*l + 864. Let w = -2 + 3. Suppose -2*a + w = 3*h + 2*a, h + 3*a - 7 = 0. Determine p(h).
9
Suppose -115 = 3*k - w, 2*k - 2*w + w = -77. Let t be 2/(-7)*133/k. Let o(m) be the first derivative of -7*m**3/3 - m**2/2 - 1. Calculate o(t).
-8
Let v(z) = -3*z + 2. Let l be (-1)/(-1*2/32). Suppose 3*c = -4*g - 23, l*g - 5*c - 33 = 20*g. Calculate v(g).
8
Let c(s) = s**3 - 5*s**2 + 3. Let h be c(5). Let q(u) = -u**2 - 3*u + 3. Let a(l) = -2*l + l + 2*l. Let b(x) = -4*a(x) - q(x). Calculate b(h).
3
Let t(o) be the second derivative of -2/3*o**3 - 1/10*o**5 + o**2 + 12*o + 1/3*o**4 + 0. Determine t(2).
-6
Let i(c) = -165 + 3*c - 161 + 324 + c**2. Suppose 0 = -h - 2*h - 12. Give i(h).
2
Let h = 0 + 2. Let w(u) = 11*u - 7*u**h - 4*u + 0*u + 6*u**2 - 3. Determine w(4).
9
Suppose -16*x + 7 = -121. Let w(d) be the first derivative of -1/2*d**2 + x - 8*d. Give w(-6).
-2
Let m(v) be the third derivative of v**5/60 + v**4/12 - 17*v**2 - 1. Let u = 2 + -4. What is m(u)?
0
Let u(q) = -31*q**2 - 29*q**2 + 75*q**2 + 4*q + 7 - 14*q**2. What is u(-6)?
19
Let c be (1 + 0)*(1 - -6). Suppose u + c = -y - u, u - 1 = y. Let m(i) = 71 + 0*i - 145 - i + 70. Calculate m(y).
-1
Suppose 4 = h, 3*w - 5*w - h = -14. Suppose -8*r - 45 = -w. Let d(b) be the second derivative of 2*b**3/3 + 3*b**2 - 3*b. Calculate d(r).
-14
Let q(n) = 0 - 3 - 2 + 0 - n**2 + 0*n**2 - 4*n. Determine q(-2).
-1
Let d = -22 - -23. Let s(j) = 13*j - 3. Let h(r) = -38*r + 10. Let x(b) = -2*h(b) - 7*s(b). Calculate x(d).
-14
Let b(g) = -g**3 - 5*g**2 + 8*g + 6. Suppose -d = 5*j + 33, -2*j + d - 12 + 3 = 0. Determine b(j).
-6
Let x(k) = k**2 + 6*k + 8. Let l = 37 - -19. Suppose -12 = l*j - 54*j. What is x(j)?
8
Suppose 3*u + u - 20 = -q, -2*u = 3*q - 10. Let o(y) = -2 + 0 + 2 + 6 + y. Give o(q).
6
Let n(g) = -22*g - 31. Let k(s) = 25*s + 30. Let v(i) = 6*k(i) + 7*n(i). Calculate v(-13).
15
Suppose 3*g - 18*m - 12 = -28*m, m = -5*g - 27. Let c be (2*-1)/(-2) + 6. Let h(y) = y**3 + y**2 + c*y**2 + 7 - y**2 + 8*y. Determine h(g).
-5
Let x(h) = h**3 + 7*h**2 + 4*h - 7. Let a(z) = -11*z**2 + 25*z - 20. Let w(b) = -5*b**2 + 12*b - 10. Let v(j) = 4*a(j) - 9*w(j). Let o be v(4). What is x(o)?
5
Let j(g) = 1 + 5*g + 14*g - g + g**2 - 28*g + 9*g. What is j(4)?
13
Let p = 285 + -282. Let o(d) = -d**3 + 5*d**2 - 2*d - 1. Calculate o(p).
11
Let i = -18 + 23. Suppose 2*k - i*p + 34 = 5*k, -3*p + 60 = 4*k. Suppose -s = 4*v - 3*s - k, -5*v - 4*s = -16. Let l(r) = -r**2 + 3*r - 2. Give l(v).
-6
Let q(x) = 2 - 4*x + 9*x - 3. Let l be q(1). Let p(y) = y**2 - 4*y - 4. Let a(n) = -n - 1. Let k(w) = -a(w) + p(w). What is k(l)?
1
Let c(m) = 7*m**2 + 3*m**2 - 8*m**2 - 21*m**3 + m - m**2. Give c(-1).
21
Let k(s) = 19*s + 7. Let n = -9 - -16. Let q(i) = -21*i - 8. Let w(r) = n*k(r) + 6*q(r). Calculate w(-1).
-6
Let q(x) = x**3 - 7*x**2 - 6*x + 4. Let d be q(8). Let c(w) = 20*w - 45*w - 24 - d*w. Let p(i) = -9*i - 5. Let b(a) = 5*c(a) - 24*p(a). Determine b(-1).
9
Let z(t) = -20*t - 33. Let r(k) = 6*k + 11. Let w(c) = -7*r(c) - 2*z(c). Give w(8).
-27
Suppose 3*b - y - 3 = -2, 4*b + 2*y - 18 = 0. Let v(s) = 2*s - 6. What is v(b)?
-2
Let u(d) be the third derivative of -d**7/2520 + 7*d**6/720 + d**5/120 - d**4/6 + 7*d**2. Let n(t) be the second derivative of u(t). What is n(7)?
1
Let h(s) = -s + 6 - 32 + 11 + 18 - s. Calculate h(0).
3
Let k be (-1)/(-2)*(0 - 0). Let i(x) = 12*x + x**2 - x + k*x - 3*x - 1. Suppose 0 = -6*s + s - 30. Calculate i(s).
-13
Let v be ((-6)/(-1))/(3/2). Suppose v*t + 16 = -8. Let z(l) = l**3 + 7*l**2 + 6*l - 5. Determine z(t).
-5
Let n(k) be the third derivative of k**6/120 - 3*k**5/20 - k**4/2 + 4*k**3/3 - 154*k**2. What is n(10)?
-12
Let d(v) = v**3 - 10*v**2 + 6*v + 7. Let s(p) = -10*p**2 - 64*p - 15. Let x be s(-6). Calculate d(x).
-20
Let i(y) = -11*y + 38. Let f(h) = 7*h - 25. Let g(n) = -8*f(n) - 5*i(n). Determine g(0).
10
Let c(b) be the second derivative of 7*b**3/6 - 170*b. Give c(3).
21
Suppose 0 = -6*c - 49 + 13. Let o(b) = -b**2 - 5*b - 1. Determine o(c).
-7
Let a(h) = h**3 + 4*h**2 - h. Suppose 6*y = 7*y + 28. Let g = 24 + y. Give a(g).
4
Let w(t) = -7*t + 5. Let p(r) = 7*r - 4. Let u(g) = 4*p(g) + 5*w(g). Let c(m) = -6*m + 8. Let o(n) = -5*c(n) + 4*u(n). Determine o(5).
6
Let c(h) be the first derivative of -16 + 2*h**2 - 3*h + 1/3*h**3. Give c(2).
9
Suppose 0 = 16*b - 46 + 126. Let j(w) = 2*w + 12. Calculate j(b).
2
Let y be 6 + ((-2)/2)/1. Let b(n) = -5*n**2 - 2*n**2 + 3 - 3*n + 4*n**2 - 257*n**3 - n**2 + 258*n**3. Determine b(y).
13
Let q(g) = -g**3 + g**2 + 4*g - 3. Let d(k) = 7*k**2 - 5*k - 2. Let x be d(-1). Suppose 8 = -6*p + x*p. Give q(p).
1
Suppose -3*q = 2*q + 30. Let k = -8 + 3. Let h(i) = i**2 - 4*i + 4. Let z(a) = -3*a**2 + 7*a - 9. Let g(d) = k*h(d) - 2*z(d). Determine g(q).
-2
Let o = 6 + -9. Let z(v) be the second derivative of 1/2*v**3 + 1/6*v**4 - 1/2*v**2 + v + 0. What is z(o)?
8
Let g(p) = p**2 - 6*p - 2. Let d(m) = 2*m**2 - m - 2. Let x be d(2). Let k = -4 + x. Suppose k = 3*y - 11 - 4. Calculate g(y).
-7
Suppose 57 = 3*u - 27. Let r = u - 34. Let h be 28/(-42) + 2/r. Let m(c) = -5*c**3 + c**2 + c + 1. What is m(h)?
6
Let o(w) be the second derivative of -w**4/12 + w**3/3 - w**2 - 16*w - 5. Give o(6).
-26
Let w(n) be the third derivative of n**4/6 + 4*n**2. Let o be (14/4)/(4/8). Suppose 1 = 3*v + o. Determine w(v).
-8
Suppose -5*t = -2*a - t + 14, 0 = 5*a + 3*t - 9. Let o be (-6 - (-85)/10) + a/(-2). Let h(c) = 7*c**2 + c. Determine h(o).
8
Let v(p) = p**2 - 5*p**2 - p**2 - 3 + 6*p + p**3. Suppose 4*j = 2*s - 24, -s + 4*j = -2*s + 42. Suppose s = g + 18. What is v(g)?
5
Let t(x) be the first derivative of x**4/4 + 11*x**3/3 + 2*x - 273. Calculate t(-11).
2
Suppose 6*f - 5 = -5. Let w(u) = -u + 0*u + 1 + f + 2*u. What is w(-1)?
0
Let c(m) = m**3 + 11*m**2 + 11*m + 13. Let t(q) = 4*q**3 + 44*q**2 + 44*q + 53. Let u(y) = -9*c(y) + 2*t(y). Determine u(-10).
-1
Let z(b) = 14*b - 10. Let h(j) = 24*j - 21. Let p(g) = -3*h(g) + 5*z(g). Determine p(6).
1
Suppose 0 = r + 5*k - 5 + 3, 5*r - 10 = -4*k. Let i(h) = 20*h - 3. What is i(r)?
37
Let w(r) = r + 32*r**3 - r**2 - 72*r**3 + 0*r**2 + 37*r**3. Let b = -7 + 5. Determine w(b).
18
Let y = 4 + -9. Let z(p) be the second derivative of p**4/6 + 7*p**3/6 - p**2 - 22*p. Calculate z(y).
13
Suppose -5*y + 4 = 2*l - 4, 3*y = -5*l + 20. Let f(o) = -o**3 + o**2 - o - 17. Calculate f(y).
-17
Let u(s) be the third derivative of -s**4/12 + 4*s**3/3 - 180*s**2. Suppose 0 = 5*p - p + 5*n - 145, -2*n + 2 = 0. Suppose 3*t + 2*t = p. What is u(t)?
-6
Let c(p) = 26*p + 6. Let u be (-1 + 30/(-18))/((-2)/12). Let b(x) = 5*x + 1. Let n(q) = u*b(q) - 3*c(q). What is n(-1)?
-4
Let j(m) be the first derivative of 2*m**2 - 20*m + 410. Determine j(7).
8
Let m(n) = -3*n - 167 + 174 + n. Determine m(4).
-1
Let l(i) = i**2 - 8*i + 2. Let s(q) = -q + 1. Let o(g) = l(g) - 3*s(g). Suppose 0 = 8*y - 6*y - 4. Let b be (y/(-4) - 2)*(-1